{"id":233,"date":"2010-04-16T09:35:54","date_gmt":"2010-04-16T09:35:54","guid":{"rendered":"http:\/\/www.kldianamilicz.pl\/?page_id=233"},"modified":"2010-04-23T06:50:44","modified_gmt":"2010-04-23T06:50:44","slug":"stanislawski-marian","status":"publish","type":"page","link":"http:\/\/www.kldianamilicz.pl\/?page_id=233","title":{"rendered":"<center>Stanis\u0142awski Marian<\/center>"},"content":{"rendered":"<p style=\"text-align: center;\">\n<p style=\"text-align: center;\"><img loading=\"lazy\" decoding=\"async\" class=\"size-full wp-image-1197 aligncenter\" title=\"Marian Stanis\u0142awski\" src=\"http:\/\/www.kldianamilicz.pl\/wp-content\/uploads\/2010\/04\/Marian-Stanis\u0142awski.jpg\" alt=\"\" width=\"221\" height=\"320\" srcset=\"http:\/\/www.kldianamilicz.pl\/wp-content\/uploads\/2010\/04\/Marian-Stanis\u0142awski.jpg 221w, http:\/\/www.kldianamilicz.pl\/wp-content\/uploads\/2010\/04\/Marian-Stanis\u0142awski-207x300.jpg 207w\" sizes=\"auto, (max-width: 221px) 100vw, 221px\" \/><\/p>\n<ul>\n<li style=\"text-align: center;\">PZ\u0141 \u2013 1992 rok,<\/li>\n<li style=\"text-align: center;\">K\u0141 \u201eKnieja\u201d Krotoszyn \u2013 1992 rok,<\/li>\n<li style=\"text-align: center;\">Przewodnicz\u0105cy KR K\u0141 \u201eKnieja\u201d Krotoszyn \u2013 2000-2005,<\/li>\n<li style=\"text-align: center;\">cz\u0142onek KR K\u0141 \u201eKnieja\u201d Krotoszyn 2005-2009,<\/li>\n<li style=\"text-align: center;\">K\u0141 \u201eDiana\u201d Milicz \u2013 2004 rok \u2013 cz\u0142onek niemacierzysty,<\/li>\n<li style=\"text-align: center;\">selekcjoner,<\/li>\n<li style=\"text-align: center;\">medal \u201eZas\u0142u\u017cony dla \u0141owiectwa Kaliskiego\u201d \u2013 2003,<\/li>\n<li style=\"text-align: center;\">instruktor-s\u0119dzia strzelectwa my\u015bliwskiego<\/li>\n<\/ul>\n","protected":false},"excerpt":{"rendered":"<p>PZ\u0141 \u2013 1992 rok, K\u0141 \u201eKnieja\u201d Krotoszyn \u2013 1992 rok, Przewodnicz\u0105cy KR K\u0141 \u201eKnieja\u201d Krotoszyn \u2013 2000-2005, cz\u0142onek KR K\u0141 \u201eKnieja\u201d Krotoszyn 2005-2009, K\u0141 \u201eDiana\u201d Milicz \u2013 2004 rok \u2013 cz\u0142onek niemacierzysty, selekcjoner, medal \u201eZas\u0142u\u017cony dla \u0141owiectwa Kaliskiego\u201d \u2013 2003, instruktor-s\u0119dzia strzelectwa my\u015bliwskiego<\/p>\n","protected":false},"author":1,"featured_media":0,"parent":3,"menu_order":0,"comment_status":"closed","ping_status":"closed","template":"","meta":{"footnotes":""},"class_list":["post-233","page","type-page","status-publish","hentry"],"_links":{"self":[{"href":"http:\/\/www.kldianamilicz.pl\/index.php?rest_route=\/wp\/v2\/pages\/233","targetHints":{"allow":["GET"]}}],"collection":[{"href":"http:\/\/www.kldianamilicz.pl\/index.php?rest_route=\/wp\/v2\/pages"}],"about":[{"href":"http:\/\/www.kldianamilicz.pl\/index.php?rest_route=\/wp\/v2\/types\/page"}],"author":[{"embeddable":true,"href":"http:\/\/www.kldianamilicz.pl\/index.php?rest_route=\/wp\/v2\/users\/1"}],"replies":[{"embeddable":true,"href":"http:\/\/www.kldianamilicz.pl\/index.php?rest_route=%2Fwp%2Fv2%2Fcomments&post=233"}],"version-history":[{"count":6,"href":"http:\/\/www.kldianamilicz.pl\/index.php?rest_route=\/wp\/v2\/pages\/233\/revisions"}],"predecessor-version":[{"id":1613,"href":"http:\/\/www.kldianamilicz.pl\/index.php?rest_route=\/wp\/v2\/pages\/233\/revisions\/1613"}],"up":[{"embeddable":true,"href":"http:\/\/www.kldianamilicz.pl\/index.php?rest_route=\/wp\/v2\/pages\/3"}],"wp:attachment":[{"href":"http:\/\/www.kldianamilicz.pl\/index.php?rest_route=%2Fwp%2Fv2%2Fmedia&parent=233"}],"curies":[{"name":"wp","href":"https:\/\/api.w.org\/{rel}","templated":true}]}}