{"id":303,"date":"2010-04-16T15:09:21","date_gmt":"2010-04-16T15:09:21","guid":{"rendered":"http:\/\/www.kldianamilicz.pl\/?page_id=303"},"modified":"2021-07-27T11:47:25","modified_gmt":"2021-07-27T11:47:25","slug":"kontakt","status":"publish","type":"page","link":"http:\/\/www.kldianamilicz.pl\/?page_id=303","title":{"rendered":"Kontakt"},"content":{"rendered":"<p><strong>Ko\u0142o \u0141owieckie DIANA w Miliczu<\/strong><\/p>\n<p><strong>56 -300 Milicz; Wojska Polskiego 24<\/strong><\/p>\n<p><strong>Adres mail Zarz\u0105du Ko\u0142a: <\/strong>zarzad@kldianamilicz.pl<\/p>\n<p><strong>Zg\u0142aszanie szk\u00f3d: <\/strong>szkody@kldianamilicz.pl<\/p>\n<h1><strong><span style=\"color: #ff0000;\">\u00a0<\/span><\/strong><\/h1>\n<p>Adres do administratora strony: info@kldianamilicz.pl<\/p>\n","protected":false},"excerpt":{"rendered":"<p>Ko\u0142o \u0141owieckie DIANA w Miliczu 56 -300 Milicz; Wojska Polskiego 24 Adres mail Zarz\u0105du Ko\u0142a: zarzad@kldianamilicz.pl Zg\u0142aszanie szk\u00f3d: szkody@kldianamilicz.pl \u00a0 Adres do administratora strony: info@kldianamilicz.pl<\/p>\n","protected":false},"author":1,"featured_media":0,"parent":0,"menu_order":51,"comment_status":"closed","ping_status":"closed","template":"","meta":{"footnotes":""},"class_list":["post-303","page","type-page","status-publish","hentry"],"_links":{"self":[{"href":"http:\/\/www.kldianamilicz.pl\/index.php?rest_route=\/wp\/v2\/pages\/303","targetHints":{"allow":["GET"]}}],"collection":[{"href":"http:\/\/www.kldianamilicz.pl\/index.php?rest_route=\/wp\/v2\/pages"}],"about":[{"href":"http:\/\/www.kldianamilicz.pl\/index.php?rest_route=\/wp\/v2\/types\/page"}],"author":[{"embeddable":true,"href":"http:\/\/www.kldianamilicz.pl\/index.php?rest_route=\/wp\/v2\/users\/1"}],"replies":[{"embeddable":true,"href":"http:\/\/www.kldianamilicz.pl\/index.php?rest_route=%2Fwp%2Fv2%2Fcomments&post=303"}],"version-history":[{"count":17,"href":"http:\/\/www.kldianamilicz.pl\/index.php?rest_route=\/wp\/v2\/pages\/303\/revisions"}],"predecessor-version":[{"id":4323,"href":"http:\/\/www.kldianamilicz.pl\/index.php?rest_route=\/wp\/v2\/pages\/303\/revisions\/4323"}],"wp:attachment":[{"href":"http:\/\/www.kldianamilicz.pl\/index.php?rest_route=%2Fwp%2Fv2%2Fmedia&parent=303"}],"curies":[{"name":"wp","href":"https:\/\/api.w.org\/{rel}","templated":true}]}}