{"id":4187,"date":"2015-11-22T17:15:05","date_gmt":"2015-11-22T17:15:05","guid":{"rendered":"http:\/\/www.kldianamilicz.pl\/?page_id=4187"},"modified":"2015-11-24T21:20:01","modified_gmt":"2015-11-24T21:20:01","slug":"kolo-lowieckie-diana-w-lokalnej-prasie","status":"publish","type":"page","link":"http:\/\/www.kldianamilicz.pl\/?page_id=4187","title":{"rendered":"Ko\u0142o \u0141owieckie DIANA w lokalnej prasie"},"content":{"rendered":"<p>G\u0142os Milicza w wydaniu z dnia 10 listopada opublikowa\u0142 artyku\u0142 z obchod\u00f3w Polowania Hubertowskiego 2015.<\/p>\n<p><a href=\"http:\/\/www.kldianamilicz.pl\/wp-content\/uploads\/2015\/11\/glosMilicza.jpg\"><img loading=\"lazy\" decoding=\"async\" class=\"aligncenter size-medium wp-image-4188\" src=\"http:\/\/www.kldianamilicz.pl\/wp-content\/uploads\/2015\/11\/glosMilicza-300x192.jpg\" alt=\"glosMilicza\" width=\"300\" height=\"192\" srcset=\"http:\/\/www.kldianamilicz.pl\/wp-content\/uploads\/2015\/11\/glosMilicza-300x192.jpg 300w, http:\/\/www.kldianamilicz.pl\/wp-content\/uploads\/2015\/11\/glosMilicza-1024x656.jpg 1024w, http:\/\/www.kldianamilicz.pl\/wp-content\/uploads\/2015\/11\/glosMilicza.jpg 1300w\" sizes=\"auto, (max-width: 300px) 100vw, 300px\" \/><\/a><\/p>\n","protected":false},"excerpt":{"rendered":"<p>G\u0142os Milicza w wydaniu z dnia 10 listopada opublikowa\u0142 artyku\u0142 z obchod\u00f3w Polowania Hubertowskiego 2015.<\/p>\n","protected":false},"author":1,"featured_media":0,"parent":281,"menu_order":0,"comment_status":"open","ping_status":"closed","template":"","meta":{"footnotes":""},"class_list":["post-4187","page","type-page","status-publish","hentry"],"_links":{"self":[{"href":"http:\/\/www.kldianamilicz.pl\/index.php?rest_route=\/wp\/v2\/pages\/4187","targetHints":{"allow":["GET"]}}],"collection":[{"href":"http:\/\/www.kldianamilicz.pl\/index.php?rest_route=\/wp\/v2\/pages"}],"about":[{"href":"http:\/\/www.kldianamilicz.pl\/index.php?rest_route=\/wp\/v2\/types\/page"}],"author":[{"embeddable":true,"href":"http:\/\/www.kldianamilicz.pl\/index.php?rest_route=\/wp\/v2\/users\/1"}],"replies":[{"embeddable":true,"href":"http:\/\/www.kldianamilicz.pl\/index.php?rest_route=%2Fwp%2Fv2%2Fcomments&post=4187"}],"version-history":[{"count":1,"href":"http:\/\/www.kldianamilicz.pl\/index.php?rest_route=\/wp\/v2\/pages\/4187\/revisions"}],"predecessor-version":[{"id":4189,"href":"http:\/\/www.kldianamilicz.pl\/index.php?rest_route=\/wp\/v2\/pages\/4187\/revisions\/4189"}],"up":[{"embeddable":true,"href":"http:\/\/www.kldianamilicz.pl\/index.php?rest_route=\/wp\/v2\/pages\/281"}],"wp:attachment":[{"href":"http:\/\/www.kldianamilicz.pl\/index.php?rest_route=%2Fwp%2Fv2%2Fmedia&parent=4187"}],"curies":[{"name":"wp","href":"https:\/\/api.w.org\/{rel}","templated":true}]}}